{"id":189,"date":"2021-08-10T10:20:52","date_gmt":"2021-08-10T10:20:52","guid":{"rendered":"https:\/\/detergentes.berolkemi.es\/?page_id=189"},"modified":"2021-08-30T10:19:54","modified_gmt":"2021-08-30T10:19:54","slug":"industria","status":"publish","type":"page","link":"https:\/\/detergentes.berolkemi.es\/index.php\/industria\/","title":{"rendered":"INDUSTRIA"},"content":{"rendered":"\n<div class=\"wp-block-cover has-background-dim\" style=\"min-height:390px;aspect-ratio:unset;\"><img fetchpriority=\"high\" decoding=\"async\" width=\"600\" height=\"300\" class=\"wp-block-cover__image-background wp-image-33\" alt=\"\" src=\"https:\/\/detergentes.berolkemi.es\/wp-content\/uploads\/2021\/06\/industria.jpg\" data-object-fit=\"cover\" srcset=\"https:\/\/detergentes.berolkemi.es\/wp-content\/uploads\/2021\/06\/industria.jpg 600w, https:\/\/detergentes.berolkemi.es\/wp-content\/uploads\/2021\/06\/industria-300x150.jpg 300w\" sizes=\"(max-width: 600px) 100vw, 600px\" \/><div class=\"wp-block-cover__inner-container is-layout-flow wp-block-cover-is-layout-flow\">\n<h2 class=\"alignfull has-text-align-center wp-block-heading\"><u><strong>INDUSTRIA<\/strong><\/u><\/h2>\n\n\n\n<p class=\"has-medium-font-size\">Productos para todo tipo de industria, Desengrasantes generales , desengrasantes de baja espuma, &nbsp;limpiadores de baterias de aire acondicionado, limpiadores de circuitos, anticongelantes , limpia radiadores, jabones para manos l\u00edquido y en pasta, sepiolita absorbente y art\u00edculos de limpieza y mantenimiento en general<\/p>\n<\/div><\/div>\n\n\n\n<div style=\"height:52px\" aria-hidden=\"true\" class=\"wp-block-spacer\"><\/div>\n\n\n\n<h2 class=\"has-text-align-center wp-block-heading\"><strong>LIMPIEZAS GENERALES<\/strong><\/h2>\n\n\n\n<p class=\"has-text-align-center\">Para <strong>limpieza <\/strong>y <strong>mantenimiento <\/strong>de <strong>maquinaria<\/strong>, <strong>motores<\/strong>, <strong>gr\u00faas<\/strong>, <strong>compresores<\/strong>, <strong>cuadros <\/strong>etc&#8230; <strong>Productos<\/strong>:<\/p>\n\n\n\n<p class=\"has-text-align-left\"><strong>BEROL 9: &nbsp;<\/strong>Desengrasante de color azul. multiusos, de espuma moderada, &nbsp;para limpieza y desengrase de todo tipo de superficies, maquinaria, motores, chapas, zonas de paso , elimina todo tipo de suciedades, humos, polvos, grasas, resinas, pinturas viejas, etc&#8230;<br><strong>BEROL 07:<\/strong>&nbsp;Desengrasante de color rojo, muy espumante para limpieza y desengrase de maquinaria, motores, elimina grasas, humos, resinas, etc.<br><strong>BEROL H.T:<\/strong>&nbsp;Desengrasante &nbsp;de color marr\u00f3n, de car\u00e1cter en\u00e9rgico para limpiezas fuertes, elimina todo tipo de suciedades y grasas en &nbsp;maquinaria de obra publica, tractores, camiones, &nbsp;viales, carteler\u00eda y se\u00f1alizaci\u00f3n, motores, etc.<br><strong>BEROL A.R<a rel=\"noreferrer noopener\" href=\"https:\/\/berolkemi.es\/files\/6-Berol-A-R-Aluminios-especificacion.pdf\" target=\"_blank\"> &nbsp;<\/a><\/strong>Desengrasante de color naranja, ligeramente alcalino de car\u00e1cter espumante, para limpieza de aluminios, acero inoxidable, radiadores, bater\u00edas, circuitos. Su espuma se sujeta a las superficies verticales, aguantando mas tiempo sobre ellas y facilitando la eliminaci\u00f3n de suciedades sin frotar. NO DA\u00d1A EL &nbsp;ALUMINIO.<br><strong>BEROL LANCO:&nbsp;<\/strong>L\u00edquido anticongelante puro, en base etilenglicol, colores Rosa, verde y amarillo, contiene inhibidores de corrosi\u00f3n y oxidaci\u00f3n de los circuitos.<br><br><\/p>\n\n\n\n<div style=\"height:52px\" aria-hidden=\"true\" class=\"wp-block-spacer\"><\/div>\n\n\n\n<h2 class=\"has-text-align-center wp-block-heading\"><strong>MANTENIMIENTO TALLER<\/strong><\/h2>\n\n\n\n<p class=\"has-text-align-center\">&nbsp;<strong>Limpieza <\/strong>de <strong>suelos <\/strong>de <strong>taller <\/strong>y de <strong>oficinas<\/strong>, <strong>mantenimiento <\/strong>de &nbsp;<strong>recintos <\/strong>y <strong>ba\u00f1os<\/strong>, cubos industriales, fregonas, cepillos recoge agua, absorbentes para &nbsp;aceites y l\u00edquidos contaminantes, fregonas industriales, carros, papeleras, cepillos, etc&#8230; <strong>Productos<\/strong>:<\/p>\n\n\n\n<p class=\"has-text-align-left\"><strong>BEROL SUELOS:<\/strong>&nbsp;Detergente desengrasante de baja espuma, para limpieza de suelos con m\u00e1quina o manualmente.<br><strong>BEROL 719:<\/strong>&nbsp;Friega suelos super perfumado a , lim\u00f3n, manzana o pino, para limpieza manual de suelos con fregona.<br><strong>BEROL ORMIDEC:&nbsp;<\/strong>Producto \u00e1cido para limpieza de cementos y restos calc\u00e1reos.<br><strong>SEPIOLITA:&nbsp;<\/strong>Absorbente mineral de grano fino para todo tipo de l\u00edquidos &nbsp;en sacos de 20 kilos.<br><strong>DECAPANTE<\/strong>: Decapante No clorado eliminador de pintadas y grafitis.<br><strong>CEPILLOS ARAGANES<\/strong>: Cepillos especial (arag\u00e1n) , para el arrastre y eliminaci\u00f3n de agua de los suelos, medidas 45 y 75 cent\u00edmetros, disponibles en pl\u00e1stico de colores y met\u00e1licos.<br><br><\/p>\n\n\n\n<div style=\"height:52px\" aria-hidden=\"true\" class=\"wp-block-spacer\"><\/div>\n\n\n\n<h2 class=\"has-text-align-center wp-block-heading\"><strong>MANTENIMIENTO PERSONAL<\/strong><\/h2>\n\n\n\n<p class=\"has-text-align-center\">&nbsp;<strong>Jabones <\/strong>para <strong>manos<\/strong>, pasta para mec\u00e1nicos con arrastre, jab\u00f3n <strong>desengrasante<\/strong>, <strong>guantes <\/strong>de protecci\u00f3n de <strong>l\u00e1tex <\/strong>y <strong>nitrilo<\/strong>, <strong>jaboneras <\/strong>, <strong>dispensadores <\/strong>de papel, papel seca manos, <strong>toallas <\/strong>de papel, art\u00edculos para<strong> W.C<\/strong>. <strong>Productos<\/strong>:<\/p>\n\n\n\n<p class=\"has-text-align-left\"><strong>BEROL MAN:&nbsp;<\/strong>Jab\u00f3n l\u00edquido de color amarillo para manos desengrasante de pH neutro y olor lim\u00f3n.<br><strong>BEROL MANUMEC:<\/strong>&nbsp;Jab\u00f3n l\u00edquido de color verde, &nbsp;especial mec\u00e1nicos desengrasante olor manzana.<br><strong>BEROL PASTA DE MECANICOS:<\/strong>&nbsp;Pasta desengrasante &nbsp;con microesferas finas de color verde olor manzana.<br><strong>PASTA RE-LI:<\/strong>&nbsp;Pasta desengrasante con micronesias gruesas verde de olor lim\u00f3n.<br><strong>GUANTES NITRILO:<\/strong>&nbsp;Guantes de nitrilo negro especial mec\u00e1nicos, de gran resistencia , se pueden usar varias veces.<br>Disponemos adem\u00e1s Bobinas de papel &nbsp;industrial para mec\u00e1nicos, Rollos seca manos, papel higi\u00e9nico y dispensadores de papel, etc.<\/p>\n","protected":false},"excerpt":{"rendered":"<p>LIMPIEZAS GENERALES Para limpieza y mantenimiento de maquinaria, motores, gr\u00faas, compresores, cuadros etc&#8230; Productos: BEROL 9: &nbsp;Desengrasante de color azul. multiusos, de espuma moderada, &nbsp;para limpieza y desengrase de todo tipo de superficies, maquinaria, motores, chapas, zonas de paso , elimina todo tipo de suciedades, humos, polvos, grasas, resinas, pinturas viejas, etc&#8230;BEROL 07:&nbsp;Desengrasante de color rojo, muy espumante para limpieza y desengrase de maquinaria, motores, elimina grasas, humos, resinas, etc.BEROL H.T:&nbsp;Desengrasante &nbsp;de color marr\u00f3n, de car\u00e1cter en\u00e9rgico para limpiezas fuertes, elimina todo tipo de suciedades y grasas en &nbsp;maquinaria de obra publica, tractores, camiones, &nbsp;viales, carteler\u00eda y se\u00f1alizaci\u00f3n, motores, etc.BEROL A.R &nbsp;Desengrasante de color naranja, ligeramente alcalino de car\u00e1cter espumante,&hellip; <a class=\"read-more\" href=\"https:\/\/detergentes.berolkemi.es\/index.php\/industria\/\">Leer m\u00e1s<\/a><\/p>\n","protected":false},"author":1,"featured_media":0,"parent":0,"menu_order":0,"comment_status":"closed","ping_status":"closed","template":"template-blank-canvas-full-width.php","meta":{"footnotes":""},"class_list":["post-189","page","type-page","status-publish","hentry"],"_links":{"self":[{"href":"https:\/\/detergentes.berolkemi.es\/index.php\/wp-json\/wp\/v2\/pages\/189","targetHints":{"allow":["GET"]}}],"collection":[{"href":"https:\/\/detergentes.berolkemi.es\/index.php\/wp-json\/wp\/v2\/pages"}],"about":[{"href":"https:\/\/detergentes.berolkemi.es\/index.php\/wp-json\/wp\/v2\/types\/page"}],"author":[{"embeddable":true,"href":"https:\/\/detergentes.berolkemi.es\/index.php\/wp-json\/wp\/v2\/users\/1"}],"replies":[{"embeddable":true,"href":"https:\/\/detergentes.berolkemi.es\/index.php\/wp-json\/wp\/v2\/comments?post=189"}],"version-history":[{"count":0,"href":"https:\/\/detergentes.berolkemi.es\/index.php\/wp-json\/wp\/v2\/pages\/189\/revisions"}],"wp:attachment":[{"href":"https:\/\/detergentes.berolkemi.es\/index.php\/wp-json\/wp\/v2\/media?parent=189"}],"curies":[{"name":"wp","href":"https:\/\/api.w.org\/{rel}","templated":true}]}}