{"id":30,"date":"2021-06-16T12:38:08","date_gmt":"2021-06-16T12:38:08","guid":{"rendered":"https:\/\/detergentes.berolkemi.es\/?page_id=30"},"modified":"2021-11-19T14:24:29","modified_gmt":"2021-11-19T14:24:29","slug":"gama-de-productos","status":"publish","type":"page","link":"https:\/\/detergentes.berolkemi.es\/index.php\/gama-de-productos\/","title":{"rendered":"GAMA DE PRODUCTOS"},"content":{"rendered":"\n<p class=\"has-text-align-center\"> <span class=\"has-inline-color has-black-color\"><strong>Disponemos de una amplia gama de productos de limpieza industrial y profesional, en los sectores de AUTOMOCION , HOSTELERIA Y COLECTIVIDADES,  INDUSTRIA  en general, asi como  de \u00e1rticulos de limpieza, celulosa, dispensadores, complementos de lavado, etc.<\/strong><\/span><\/p>\n\n\n\n<h2 class=\"has-text-align-center has-pale-cyan-blue-background-color has-text-color has-background has-normal-font-size wp-block-heading\" style=\"color:#18032d\"><strong><span class=\"has-inline-color has-cyan-bluish-gray-color\">SECTORES DE APLICACION<\/span><\/strong><\/h2>\n\n\n\n<div class=\"wp-block-media-text alignwide is-stacked-on-mobile\" style=\"grid-template-columns:24% auto\"><figure class=\"wp-block-media-text__media\"><a href=\"https:\/\/detergentes.berolkemi.es\/index.php\/productos-automocion\/\" target=\"_blank\" rel=\"noopener\"><img fetchpriority=\"high\" decoding=\"async\" width=\"477\" height=\"375\" src=\"https:\/\/detergentes.berolkemi.es\/wp-content\/uploads\/2021\/10\/LAVADO-BMW-CON-NOMBRE.jpg\" alt=\"\" class=\"wp-image-413 size-full\" srcset=\"https:\/\/detergentes.berolkemi.es\/wp-content\/uploads\/2021\/10\/LAVADO-BMW-CON-NOMBRE.jpg 477w, https:\/\/detergentes.berolkemi.es\/wp-content\/uploads\/2021\/10\/LAVADO-BMW-CON-NOMBRE-300x236.jpg 300w\" sizes=\"(max-width: 477px) 100vw, 477px\" \/><\/a><\/figure><div class=\"wp-block-media-text__content\">\n<p><a rel=\"noreferrer noopener\" href=\"https:\/\/detergentes.berolkemi.es\/index.php\/productos-automocion\/\" data-type=\"URL\" data-id=\"https:\/\/detergentes.berolkemi.es\/index.php\/productos-automocion\/\" target=\"_blank\"><strong>AUTOMOCI\u00d3N<\/strong>:<\/a> <strong>Detergentes y productos de mantenimiento para taller,  desengrasantes  de varios tipos, de alta y baja espuma, productos para lavado manual y autom\u00e1tico de veh\u00edculos,  abrillantadores, limpia tapicer\u00edas, brillo salpicadero,  complementos de lavado, cepillos, esponjas,  equipos de rociado,  pulverizadores, productos para mantenimiento de taller, maquinaria, celulosa, art\u00edculos de proteccion interior, guantes de proteccion, . <a href=\"https:\/\/detergentes.berolkemi.es\/index.php\/productos-automocion\/\" data-type=\"page\" data-id=\"99\" target=\"_blank\" rel=\"noreferrer noopener\">Ver productos<\/a><\/strong><\/p>\n<\/div><\/div>\n\n\n\n<hr class=\"wp-block-separator aligncenter\"\/>\n\n\n\n<div class=\"wp-block-media-text alignwide is-stacked-on-mobile is-vertically-aligned-center\" style=\"grid-template-columns:24% auto\"><figure class=\"wp-block-media-text__media\"><img decoding=\"async\" width=\"600\" height=\"300\" src=\"https:\/\/detergentes.berolkemi.es\/wp-content\/uploads\/2021\/06\/hosteleria.jpg\" alt=\"\" class=\"wp-image-32 size-full\" srcset=\"https:\/\/detergentes.berolkemi.es\/wp-content\/uploads\/2021\/06\/hosteleria.jpg 600w, https:\/\/detergentes.berolkemi.es\/wp-content\/uploads\/2021\/06\/hosteleria-300x150.jpg 300w\" sizes=\"(max-width: 600px) 100vw, 600px\" \/><\/figure><div class=\"wp-block-media-text__content\">\n<p><a href=\"https:\/\/detergentes.berolkemi.es\/index.php\/hoteles-hosteleria\/\" data-type=\"URL\" data-id=\"https:\/\/detergentes.berolkemi.es\/index.php\/hoteles-hosteleria\/\"><strong>HOSTELER\u00cdA\/HORECA\/HOTELES<\/strong>:<\/a> <strong>Detergentes y productos para lavavajillas, limpia planchas, desengrasantes multiusos, productos anticovid,  servilletas, manteles,  celulosa, dispensadores y porta rollos, lej\u00edas, art\u00edculos limpieza y mantenimiento en general, envases de comida para llevar, bolsas de basura, etc <a href=\"https:\/\/detergentes.berolkemi.es\/index.php\/hoteles-hosteleria\/\" data-type=\"page\" data-id=\"11\"> Ver product<\/a><\/strong><a href=\"https:\/\/detergentes.berolkemi.es\/index.php\/hoteles-hosteleria\/\" data-type=\"page\" data-id=\"11\"><strong>os<\/strong>.<\/a><\/p>\n<\/div><\/div>\n\n\n\n<hr class=\"wp-block-separator\"\/>\n\n\n\n<div class=\"wp-block-media-text alignwide is-stacked-on-mobile is-vertically-aligned-center\" style=\"grid-template-columns:24% auto\"><figure class=\"wp-block-media-text__media\"><img decoding=\"async\" width=\"183\" height=\"142\" src=\"https:\/\/detergentes.berolkemi.es\/wp-content\/uploads\/2021\/10\/limpieza-mauinaria-pesada.jpg\" alt=\"\" class=\"wp-image-416 size-full\"\/><\/figure><div class=\"wp-block-media-text__content\">\n<p><a href=\"https:\/\/detergentes.berolkemi.es\/wp-admin\/post.php?post=189&amp;action=edit\" data-type=\"URL\" data-id=\"https:\/\/detergentes.berolkemi.es\/wp-admin\/post.php?post=189&amp;action=edit\"><strong>INDUSTRIA<\/strong>:<\/a> <strong>Desengrasantes generales , desengrasantes de baja espuma, &nbsp;limpiadores para bater\u00edas de refrigeraci\u00f3n de aluminio y circuitos cerrados, anticongelantes , jabones para manos l\u00edquidos y en pasta especiales para  mec\u00e1nicos, guantes de protecci\u00f3n, sepiolita absorbente , equipos de proteccion individual ( EPIS) ,  art\u00edculos de limpieza y mantenimiento en general.. <\/strong><a rel=\"noreferrer noopener\" href=\"https:\/\/detergentes.berolkemi.es\/wp-admin\/post.php?post=189&amp;action=edit\" data-type=\"URL\" data-id=\"https:\/\/detergentes.berolkemi.es\/wp-admin\/post.php?post=189&amp;action=edit\" target=\"_blank\"><strong>Ver productos.<\/strong><\/a><\/p>\n<\/div><\/div>\n\n\n\n<hr class=\"wp-block-separator\"\/>\n\n\n\n<div class=\"wp-block-media-text alignwide is-stacked-on-mobile\" style=\"grid-template-columns:24% auto\"><figure class=\"wp-block-media-text__media\"><img loading=\"lazy\" decoding=\"async\" width=\"317\" height=\"159\" src=\"https:\/\/detergentes.berolkemi.es\/wp-content\/uploads\/2021\/10\/imagen-multiusos-1.jpg\" alt=\"\" class=\"wp-image-417 size-full\" srcset=\"https:\/\/detergentes.berolkemi.es\/wp-content\/uploads\/2021\/10\/imagen-multiusos-1.jpg 317w, https:\/\/detergentes.berolkemi.es\/wp-content\/uploads\/2021\/10\/imagen-multiusos-1-300x150.jpg 300w\" sizes=\"(max-width: 317px) 100vw, 317px\" \/><\/figure><div class=\"wp-block-media-text__content\">\n<p><a href=\"https:\/\/detergentes.berolkemi.es\/wp-admin\/post.php?post=196&amp;action=edit\" data-type=\"URL\" data-id=\"https:\/\/detergentes.berolkemi.es\/wp-admin\/post.php?post=196&amp;action=edit\"><strong>ART\u00cdCULOS DE LIMPIEZA EN GENERAL<\/strong>: <\/a><strong>Gama completa para dar soluciones  de limpieza en  general a cualquier tipo de empresa como  oficinas, colegios mayores,  peque\u00f1os comercios, grandes almacenes, cines, teatros,   asi como a empresas de limpieza en general. ..<a rel=\"noreferrer noopener\" href=\"https:\/\/detergentes.berolkemi.es\/wp-admin\/post.php?post=196&amp;action=edit\" data-type=\"URL\" data-id=\"https:\/\/detergentes.berolkemi.es\/wp-admin\/post.php?post=196&amp;action=edit\" target=\"_blank\"> <\/a><\/strong><a href=\"https:\/\/detergentes.berolkemi.es\/wp-admin\/post.php?post=196&amp;action=edit\" data-type=\"URL\" data-id=\"https:\/\/detergentes.berolkemi.es\/wp-admin\/post.php?post=196&amp;action=edit\"><strong>Ver productos.<\/strong><\/a><\/p>\n<\/div><\/div>\n\n\n\n<p><\/p>\n","protected":false},"excerpt":{"rendered":"<p>Disponemos de una amplia gama de productos de limpieza industrial y profesional, en los sectores de AUTOMOCION , HOSTELERIA Y COLECTIVIDADES, INDUSTRIA en general, asi como de \u00e1rticulos de limpieza, celulosa, dispensadores, complementos de lavado, etc. SECTORES DE APLICACION AUTOMOCI\u00d3N: Detergentes y productos de mantenimiento para taller, desengrasantes de varios tipos, de alta y baja espuma, productos para lavado manual y autom\u00e1tico de veh\u00edculos, abrillantadores, limpia tapicer\u00edas, brillo salpicadero, complementos de lavado, cepillos, esponjas, equipos de rociado, pulverizadores, productos para mantenimiento de taller, maquinaria, celulosa, art\u00edculos de proteccion interior, guantes de proteccion, . Ver productos HOSTELER\u00cdA\/HORECA\/HOTELES: Detergentes y productos para lavavajillas, limpia planchas, desengrasantes multiusos, productos anticovid, servilletas, manteles, celulosa,&hellip; <a class=\"read-more\" href=\"https:\/\/detergentes.berolkemi.es\/index.php\/gama-de-productos\/\">Leer m\u00e1s<\/a><\/p>\n","protected":false},"author":1,"featured_media":0,"parent":0,"menu_order":0,"comment_status":"closed","ping_status":"closed","template":"","meta":{"footnotes":""},"class_list":["post-30","page","type-page","status-publish","hentry"],"_links":{"self":[{"href":"https:\/\/detergentes.berolkemi.es\/index.php\/wp-json\/wp\/v2\/pages\/30","targetHints":{"allow":["GET"]}}],"collection":[{"href":"https:\/\/detergentes.berolkemi.es\/index.php\/wp-json\/wp\/v2\/pages"}],"about":[{"href":"https:\/\/detergentes.berolkemi.es\/index.php\/wp-json\/wp\/v2\/types\/page"}],"author":[{"embeddable":true,"href":"https:\/\/detergentes.berolkemi.es\/index.php\/wp-json\/wp\/v2\/users\/1"}],"replies":[{"embeddable":true,"href":"https:\/\/detergentes.berolkemi.es\/index.php\/wp-json\/wp\/v2\/comments?post=30"}],"version-history":[{"count":2,"href":"https:\/\/detergentes.berolkemi.es\/index.php\/wp-json\/wp\/v2\/pages\/30\/revisions"}],"predecessor-version":[{"id":662,"href":"https:\/\/detergentes.berolkemi.es\/index.php\/wp-json\/wp\/v2\/pages\/30\/revisions\/662"}],"wp:attachment":[{"href":"https:\/\/detergentes.berolkemi.es\/index.php\/wp-json\/wp\/v2\/media?parent=30"}],"curies":[{"name":"wp","href":"https:\/\/api.w.org\/{rel}","templated":true}]}}